ose -w*n = -5*g, -g + 3*n - 2 = 4. Suppose 4*h = -1 + 5, 3*o + g*h - 30 = 0. What are the prime factors of o?
3
Suppose -4*y + 3*y = 0. Let h(u) = 7 + 4 - u + y*u. What are the prime factors of h(7)?
2
Let z = 7 - 4. Suppose -2 = -y + z. List the prime factors of 2/y + (-8)/(-5).
2
Let j(n) be the second derivative of 0*n**2 + 3/10*n**5 - n + 1/6*n**3 + 0 - 1/12*n**4. List the prime factors of j(1).
2, 3
Let v = 73 - 41. List the prime factors of v.
2
Let f(s) be the first derivative of -s**3/6 - s**2 - 2*s + 2. Let i(d) be the first derivative of f(d). List the prime factors of i(-5).
3
Let s(w) = -6*w - 11. Let j be (-5 - -9) + 2 + -13. What are the prime factors of s(j)?
31
Let g(f) = 9*f + 1. Let k be 1/(((-2)/4)/(-1)). Suppose 2*n + 4*m - 22 = 0, 7*m = k*n + 2*m + 23. What are the prime factors of g(n)?
2, 5
Let b = 70 - 35. What are the prime factors of b?
5, 7
Let k = 31 - 1. What are the prime factors of k?
2, 3, 5
Let g(d) = -2*d**3 - d**2 + d. Let l be g(2). What are the prime factors of 27/l*22/(-3)?
11
Let q = 124 + -30. What are the prime factors of q?
2, 47
Suppose 3*z + 77 = 10*z. List the prime factors of z.
11
Suppose 0 = -h - p - 0 + 6, -3*p - 2 = -h. Suppose 0*k + 4*k = w + 129, -5*k - h*w = -180. List the prime factors of k.
3, 11
List the prime factors of 412/3 + (-50)/(-75).
2, 3, 23
Let f = 338 - 75. List the prime factors of f.
263
Suppose -2*b = -10 - 16. Let j = b + -9. Suppose 0 = -j*l - 3*r - 4, 0 = 2*l + 2*r + 2 + 2. What are the prime factors of l?
2
Let a be 1/5 - 18/(-10). Let j = 4 - a. Suppose -j*b + 0 + 14 = 0. List the prime factors of b.
7
Let v(k) = -10 - 3*k + 6 - 2*k. What are the prime factors of v(-3)?
11
Suppose 3*a = 2*a + v - 24, 0 = 3*a + 2*v + 67. Let x be (-724)/(-20) + 1/(-5). Let z = x + a. What are the prime factors of z?
13
Let i(k) = k**3 + 6*k**2 - 10*k - 10. List the prime factors of i(-7).
11
Let x = 19 - 17. What are the prime factors of x?
2
Let a = -2 - -5. Suppose 2 = -z - a*h, -5*h + 0*h - 43 = -4*z. What are the prime factors of z?
7
Let q be 2*(5/(-2))/1. List the prime factors of 4/((q/(-2))/5).
2
Let w = 0 + 4. Suppose 31 = 5*p - w. List the prime factors of p.
7
Let c = 6 + -2. List the prime factors of c/(-6) + (-164)/(-12).
13
Suppose 0 = -b - 2*l + 6 + 2, -5*l = 3*b - 20. Suppose b = 8*g - 3*g + 5*o - 100, -o - 118 = -5*g. What are the prime factors of g?
23
Let l = -12 - -17. Suppose 2*y = 3*c - 26, y - 22 = -l*c - y. List the prime factors of c + -7 + 26/2.
2, 3
Suppose -2*s - 3*l + 45 = -93, -4*l - 8 = 0. What are the prime factors of s?
2, 3
Let y = -18 + 91. What are the prime factors of y?
73
Let s(k) = -k**3 - 7*k**2 + 8*k + 5. Let l be s(-8). Let y = 29 + -12. Suppose -l*v = -52 + y. List the prime factors of v.
7
Suppose 4*k - k = -288. Let q = -66 - k. List the prime factors of q.
2, 3, 5
Suppose -3*d = -8*d. Suppose 2 = j - d. Suppose -j*s + 38 = 5*z, -21 = 4*s - z - 75. List the prime factors of s.
2, 7
Let f = -100 - -194. List the prime factors of f.
2, 47
Let v(o) = -2*o - 11*o**2 - 19 - 11*o + 2*o. Let s(g) = 5*g**2 + 5*g + 9. Let i(d) = 13*s(d) + 6*v(d). What are the prime factors of i(0)?
3
Let o be 0 + (3/(-3) - -1). Let f be 0 - (o - 2 - -4). Let c = f + 6. List the prime factors of c.
2
Let f be (-1)/(1*3/(-9)). Suppose 36 = 7*z - f*z. List the prime factors of z.
3
Suppose 28 = -m + 4*m + 4*l, -4*m - 5*l = -36. What are the prime factors of m?
2
Suppose -20 = -5*x, -4*y + 356 = -x - 76. What are the prime factors of y?
109
Suppose -5*o + 2*o = -w + 4, 2*w = -o - 6. Let v(p) = 2*p**2 + 4*p + 2. What are the prime factors of v(o)?
2
List the prime factors of (-399)/(-9) + 2/(-6).
2, 11
What are the prime factors of 308/6 + (-3)/9?
3, 17
Suppose 2*x = 4*f - 0*x - 18, -5*f + 18 = -x. Suppose f*l = 7*l - 176. Suppose 3*u + u - l = 0. List the prime factors of u.
11
Suppose 5*h - 5*f - 100 = 0, 3*f = -3*h - f + 81. What are the prime factors of h?
23
List the prime factors of -42*(-10)/15*1.
2, 7
Let k be (36/10)/(2/5). What are the prime factors of (-10*4)/(k - 10)?
2, 5
What are the prime factors of 115/2*32/40?
2, 23
Let f(a) = 3*a**2 - 10*a + 10. List the prime factors of f(7).
3, 29
Let n = 4 + -7. Let c be 7/(-6) - n/18. List the prime factors of (-54)/(-4) + c/(-2).
2, 7
Let o = 95 - 64. Let w = 48 - o. What are the prime factors of w?
17
Suppose 18 = -5*n + 208. Suppose k - 7 = -2. Suppose n = k*i - 3*d, -30 + 4 = -i - 4*d. What are the prime factors of i?
2, 5
Let z(o) = -o**3 + 0*o**3 + 6*o**2 + 2*o**2 + 4 + 7. Let g(u) = -2*u - 4. Let q be g(-6). List the prime factors of z(q).
11
Suppose 580 = -8*a + 13*a. What are the prime factors of a?
2, 29
Suppose -2*h - 2*g - 18 = -0*g, g + 5 = 0. List the prime factors of (15 - 5)/((-2)/h).
2, 5
Let k(w) = w**3 + 11*w**2 + 11*w - 3. List the prime factors of k(-8).
101
Let w = -109 - -154. Suppose 5*p - 230 = w. Suppose -4*h - h + p = 0. What are the prime factors of h?
11
Let d(k) = -k**2 + 14*k - 8. Let u be d(10). Let f be 6*(-2 - (-14)/6). Suppose f*t + u = 6*t. List the prime factors of t.
2
Let h(c) = -c + 1. Let y(b) = -2*b**2 - 3*b + 7. Let v(m) = 4*h(m) - y(m). Suppose 0*o + 4*o = 12. List the prime factors of v(o).
2, 3
Let c = -137 - -212. Let f be (-2)/(-4) - c/(-2). Suppose -3*q = 3*j - 33, -j - j = -4*q + f. List the prime factors of q.
2, 5
List the prime factors of (-4*9/(-12))/((-3)/(-201)).
3, 67
Let z = 11 - 4. Let p(d) = -d + 10. List the prime factors of p(z).
3
Let q = 422 - 255. What are the prime factors of q?
167
Suppose -35 = 5*f + 10. List the prime factors of -3*((-3)/f + -1).
2
Let y = -34 + 102. List the prime factors of y.
2, 17
Suppose -3*p + 2*q - q - 7 = 0, 3*p = -3*q - 3. Let w(t) = -t**2 + 2*t - 2*t - t**3 - 3 - 2*t. List the prime factors of w(p).
5
Suppose 10 + 4 = d. List the prime factors of d.
2, 7
Let a(v) = v**2 + 2*v - 3. What are the prime factors of a(5)?
2
Suppose 3*v = -16 - 8. Let b(m) = m**2 + 5*m - 8. List the prime factors of b(v).
2
Suppose z + 4 - 28 = 0. Suppose 4*r - 11 = 4*t - t, 7 = 2*r - 3*t. Suppose z = r*j - 0*j. List the prime factors of j.
2, 3
Suppose 4*o + 3*o = 126. Let r(i) = i + 2. Let a be r(3). Suppose a*b = 63 - o. List the prime factors of b.
3
Let v = -51 - -135. Suppose -2*i + 35 = m, -3*m + 3*i = 2*i - v. Suppose -m = -5*x + 26. What are the prime factors of x?
11
Let c = -5 + 8. Suppose 2*m = -c*m + 75. What are the prime factors of m?
3, 5
Let a(d) = d**2 - 2*d + 4. List the prime factors of a(3).
7
Suppose -a - 47 = -4. Let p = -29 - a. List the prime factors of p.
2, 7
Let l be 4/10 - 2/5. Suppose 4*c - 16 - 24 = l. Suppose x - c = -3*w, 2*w + 2*x - 11 = -w. List the prime factors of w.
3
Let t(h) = -57*h + 25. What are the prime factors of t(-4)?
11, 23
Let u = 6 - 43. Let c = 62 + u. List the prime factors of c.
5
Let w(t) = -7*t - 6. Let d be 40/(-4) + (4 - 1). List the prime factors of w(d).
43
Let u = 13 - 12. List the prime factors of (-26)/(-1) + (u - 1).
2, 13
Let p be (0 - -4) + 0 + 0. Suppose l - g = 25, p*l - 114 + 13 = 3*g. What are the prime factors of l?
2, 13
Suppose 2*c - 4*n = -2*c + 100, 2*c - 52 = n. What are the prime factors of c?
3
Let k be 2/(-4)*2*-1. Suppose -4*c = -8, 5*w - 12 = c + k. What are the prime factors of w?
3
Let h = 15 + 0. Let b be 2 + (-2 - -6) + -2. Suppose b*y = y - 3*d, -4*y - d + h = 0. What are the prime factors of y?
5
Suppose -96 = -2*p + 166. What are the prime factors of p?
131
Suppose 3*l = -0*z - 2*z + 83, 0 = 3*l - z - 98. Let m = l + -15. What are the prime factors of m?
2
Suppose 2*n = -2*n. Let k(h) be the third derivative of -h**5/60 - h**4/24 + 2*h**3/3 + h**2. What are the prime factors of k(n)?
2
Let r be 6/8 - (-27)/12. Suppose -c - 2 + 22 = m, -3*c + r*m = -42. List the prime factors of c.
17
Let r be 792/28 + (-4)/14. Suppose 5*b - 13 = -68. Let y = r + b. What are the prime factors of y?
17
Let i(c) be the first derivative of 4*c**3/3 - c**2 - 2*c - 2. List the prime factors of i(-2).
2, 3
Let l be (150/(-9))/((-3)/9). Suppose 3*o - l = 22. What are the prime factors of o?
2, 3
Let s(t) = t**2 - 9*t + 26. List the prime factors of s(7).
2, 3
Suppose -2*k + 5*k - 48 = 0. Suppose h - k = -h. What are the prime factors of h?
2
Let r = 100 - 18. List the prime factors